ctor of 6 and 246?
6
What is the greatest common factor of 15 and 885?
15
Calculate the highest common divisor of 246 and 30.
6
What is the greatest common factor of 473 and 297?
11
What is the greatest common factor of 40 and 248?
8
Calculate the greatest common factor of 259 and 6179.
37
What is the highest common factor of 7 and 1351?
7
What is the greatest common divisor of 416 and 5096?
104
What is the greatest common factor of 28 and 119?
7
Calculate the highest common factor of 10 and 30.
10
What is the greatest common divisor of 395 and 237?
79
What is the greatest common divisor of 48 and 228?
12
What is the greatest common divisor of 56 and 32?
8
What is the greatest common factor of 14246 and 34?
34
Calculate the greatest common factor of 815 and 5379.
163
Calculate the greatest common divisor of 152 and 114.
38
What is the greatest common factor of 27 and 1674?
27
What is the greatest common divisor of 260 and 1755?
65
What is the highest common factor of 70 and 287?
7
Calculate the highest common factor of 10 and 1270.
10
Calculate the highest common factor of 252 and 2583.
63
What is the highest common divisor of 5 and 150?
5
What is the highest common divisor of 1590 and 90?
30
Calculate the highest common divisor of 234 and 2535.
39
Calculate the highest common divisor of 15 and 8895.
15
What is the highest common divisor of 3 and 360?
3
What is the highest common divisor of 3473 and 437?
23
Calculate the greatest common divisor of 555 and 27565.
185
Calculate the highest common divisor of 1036 and 1184.
148
What is the greatest common divisor of 462 and 66?
66
What is the greatest common factor of 10 and 810?
10
What is the highest common divisor of 1149 and 18767?
383
What is the highest common factor of 180 and 60?
60
Calculate the highest common factor of 1610 and 70.
70
What is the highest common factor of 55 and 5?
5
Calculate the highest common divisor of 1 and 16.
1
Calculate the greatest common factor of 44 and 143.
11
Calculate the highest common divisor of 24 and 5352.
24
What is the greatest common factor of 36 and 576?
36
What is the greatest common factor of 23550 and 150?
150
What is the highest common factor of 2009 and 41?
41
Calculate the greatest common divisor of 28 and 343.
7
Calculate the highest common factor of 130 and 676.
26
What is the greatest common divisor of 860 and 12?
4
Calculate the greatest common divisor of 348 and 12.
12
Calculate the greatest common divisor of 740 and 240.
20
What is the highest common factor of 245 and 3010?
35
Calculate the highest common factor of 4 and 1210.
2
What is the highest common divisor of 100 and 275?
25
Calculate the greatest common factor of 3565 and 46.
23
What is the greatest common factor of 38 and 2071?
19
Calculate the highest common divisor of 238 and 850.
34
Calculate the greatest common factor of 908 and 38363.
227
Calculate the greatest common factor of 9 and 3114.
9
What is the greatest common factor of 14 and 12334?
14
Calculate the highest common factor of 42 and 525.
21
Calculate the highest common divisor of 46 and 69.
23
What is the greatest common divisor of 40 and 110?
10
Calculate the highest common divisor of 15774 and 66.
66
Calculate the greatest common factor of 176 and 16.
16
What is the highest common factor of 180 and 160?
20
Calculate the greatest common divisor of 468 and 13.
13
What is the greatest common divisor of 108 and 16?
4
What is the greatest common factor of 12 and 51?
3
Calculate the highest common divisor of 551 and 58.
29
Calculate the greatest common factor of 40 and 15800.
40
What is the highest common divisor of 4 and 347?
1
Calculate the greatest common factor of 203 and 29.
29
Calculate the highest common factor of 58 and 4118.
58
Calculate the highest common divisor of 1344 and 16.
16
Calculate the greatest common factor of 3162 and 204.
102
Calculate the highest common divisor of 2365 and 43.
43
Calculate the highest common factor of 36 and 279.
9
What is the highest common factor of 400 and 150?
50
Calculate the greatest common divisor of 1825 and 25.
25
What is the greatest common factor of 32 and 184?
8
What is the highest common divisor of 21547 and 58?
29
What is the highest common factor of 130 and 20?
10
Calculate the greatest common divisor of 58 and 21286.
58
Calculate the greatest common factor of 318 and 53106.
318
Calculate the greatest common factor of 490 and 770.
70
What is the greatest common divisor of 120 and 48?
24
What is the highest common factor of 104 and 19396?
52
What is the highest common factor of 1727 and 33?
11
Calculate the greatest common divisor of 851 and 1073.
37
What is the greatest common factor of 105 and 3120?
15
What is the highest common factor of 21546 and 189?
189
Calculate the greatest common divisor of 6349 and 7.
7
What is the greatest common factor of 50 and 3350?
50
Calculate the highest common factor of 72 and 81.
9
What is the greatest common divisor of 14 and 3584?
14
Calculate the greatest common factor of 28 and 14.
14
What is the greatest common factor of 8413 and 47?
47
Calculate the highest common divisor of 204 and 71196.
204
Calculate the highest common factor of 424 and 1219.
53
Calculate the highest common factor of 3922 and 148.
74
Calculate the highest common factor of 17 and 1071.
17
Calculate the highest common factor of 323 and 19.
19
What is the greatest common divisor of 3120 and 234?
78
What is the highest common factor of 24 and 376?
8
What is the highest common factor of 250 and 36?
2
Calculate the highest common factor of 101 and 1.
1
What is the highest common factor of 906 and 24?
6
Calculate the greatest common divisor of 1482 and 38.
38
What is the greatest common factor of 298 and 2831?
149
What is the greatest common factor of 666 and 414?
18
What is the greatest common factor of 10250 and 125?
125
What is the greatest common factor of 55 and 18?
1
What is the highest common divisor of 711 and 27?
9
Calculate the highest common divisor of 1720 and 1247.
43
What is the highest common factor of 6649 and 427?
61
Calculate the highest common factor of 80 and 580.
20
Calculate the highest common divisor of 384 and 72.
24
Calculate the greatest common divisor of 10270 and 1430.
130
What is the greatest common factor of 92 and 2484?
92
What is the highest common factor of 54 and 90?
18
What is the highest common factor of 3952 and 4104?
152
What is the highest common divisor of 780 and 1664?
52
Calculate the highest common divisor of 12 and 12.
12
What is the greatest common factor of 75 and 60?
15
What is the greatest common factor of 35 and 385?
35
Calculate the highest common divisor of 26 and 2769.
13
What is the highest common factor of 53 and 212?
53
Calculate the greatest common factor of 14 and 686.
14
What is the greatest common factor of 3 and 21?
3
What is the highest common divisor of 102 and 30?
6
What is the highest common divisor of 9 and 3771?
9
What is the highest common factor of 112 and 938?
14
Calculate the greatest common factor of 8 and 436.
4
Calculate the greatest common factor of 13 and 17368.
13
Calculate the highest common factor of 17 and 272.
17
What is the greatest common divisor of 2054 and 2291?
79
Calculate the greatest common divisor of 30 and 150.
30
Calculate the greatest common divisor of 68 and 5.
1
Calculate the highest common divisor of 816 and 48.
48
What is the greatest common factor of 180 and 45?
45
Calculate the greatest common divisor of 11078 and 174.
58
What is the highest common factor of 108 and 8?
4
What is the greatest common factor of 11029 and 41?
41
Calculate the highest common divisor of 306 and 54.
18
What is the highest common divisor of 21 and 3645?
3
What is the greatest common divisor of 101 and 3?
1
Calculate the highest common factor of 177 and 1888.
59
What is the highest common divisor of 200 and 3850?
50
What is the greatest common factor of 135 and 27?
27
What is the greatest common factor of 40 and 3990?
10
What is the greatest common divisor of 160 and 880?
80
What is the greatest common divisor of 801 and 27?
9
Calculate the greatest common factor of 13 and 1.
1
Calculate the highest common factor of 308 and 21.
7
Calculate the highest common divisor of 4558 and 106.
106
